)/(-36))*(-2)/2. Let g(r) = -3*r**2 - 23*r + 7. Let d(m) = -5*m**2 - 35*m + 11. Let i(y) = 5*d(y) - 8*g(y). Calculate i(n).
-1
Let u be -1 - 3*12/(-9). Let t(x) = -x**u + 2*x - 4*x**2 + x**2 + x**2. Suppose -2*q = 6*g - 4*g - 2, 3*g - 5*q + 29 = 0. Calculate t(g).
3
Let j(n) = -7*n**2 - 16*n + 6*n**2 + 2*n**2 + 11. Let u be j(15). Let i(z) = 2*z - 2. Give i(u).
-10
Suppose -4*v + 4 = 5*i - 2*i, -5*v + 2*i = -28. Suppose -v*j + 2 = -18. Let r(w) = -j - 2 - 2*w**2 + 3 + 3*w + w**2. Determine r(4).
-8
Let y(h) = -28*h - 20 + 28*h + 21 + 29*h**2. Calculate y(1).
30
Let l be (3 + -2)/((-8)/24). Let k be ((-3)/(-1) + l)/1. Let s(x) = -x**2 + x + 16. Determine s(k).
16
Let d(u) = u**2 + 8*u**3 - 8*u**3 - 15 - u + 8*u**3 - 7*u**3. Let y = 0 - 0. What is d(y)?
-15
Let p(x) be the third derivative of -x**5/60 - x**4/6 + 7*x**3/6 - 230*x**2. Determine p(-5).
2
Suppose 6 = -d + 3*d. Let j(q) = 5*q**2 + 3*q**3 + 2*q**3 - 2 + 5*q - 4*q**d. Calculate j(-4).
-6
Let j = 437 - 435. Let q(w) be the first derivative of -7 + 3/2*w**j + 0*w. Determine q(4).
12
Let s(y) be the second derivative of y**5/10 - y**4/3 + 2*y**3/3 - y**2 + 201*y. Determine s(3).
28
Suppose 3*t + 44 = 2*m, -4*t - t - 74 = -4*m. Let g = -18 - t. Let x(p) be the second derivative of -p**4/12 - 5*p**3/6 - p**2/2 + 9*p. What is x(g)?
3
Let z(y) = 4*y - 4. Let p(j) = -j + 1. Let f(b) = 5*p(b) + z(b). What is f(0)?
1
Suppose -1052*j + 1058*j = -6. Let u(g) = 11*g + 5. Determine u(j).
-6
Let d(g) = 2*g**2 - 4*g + 2. Suppose 8*j = 50*j - 126. Determine d(j).
8
Let a(m) = m + 90164 - 2*m**3 - 90145 + 12*m**2 + 11*m + m**3. What is a(13)?
6
Let y(g) = -g**3 + 5*g**2 - 5. Suppose -78*s + 74*s = 24. Let p be 4/s + 85/(-15)*-1. Determine y(p).
-5
Let o be (-3)/(-8)*-1 - 118/(-16). Let v(s) = s**3 - 6*s**2 - 8*s - 5. Determine v(o).
-12
Let w(l) = -l**3 - 6*l**2 - 2*l + 14. Suppose -3*n - 3*y = 27, 3*y - 36 + 38 = 2*n. Give w(n).
-1
Let t(i) be the third derivative of -i**5/60 - i**4/8 + 2*i**3/3 + 2*i**2 - i. Let m be 2 + (-6 - 0) + -1. Determine t(m).
-6
Suppose 0 = -4*p + 2*s - 104, -3*p = s + 4*s + 52. Let i be (64/(-6))/((-3)/(-9)). Let u be (-6)/4*i/p. Let t(h) = -4*h. Calculate t(u).
8
Let i(s) be the first derivative of -s**4/2 - s**3 + 3*s**2/2 - 237. What is i(2)?
-22
Let m(k) be the second derivative of -k**5/20 - k**4/12 + 12*k**2 - 3*k - 2. Calculate m(0).
24
Let r be (-2)/((-136)/450 - 8/(-36)). Let x be (-4 + 2)*r/10. Let y(s) = 2*s + 7. Give y(x).
-3
Let y(c) be the second derivative of 2*c**3/3 + 2*c**2 - 144*c. Determine y(3).
16
Let g(r) be the first derivative of r**3/3 - 7*r**2/2 - 8*r + 134. Give g(4).
-20
Let y(m) = 4*m**2 + 1 + 4 + m**2 + 3*m + m**3 - 2. Let p be 20/(-15)*3 + 0 + 0. Give y(p).
7
Suppose -17*z = -219 + 168. Let k(g) = 6*g - 6. Let j(a) = -11*a + 11. Let t(d) = 3*j(d) + 5*k(d). What is t(z)?
-6
Let d(i) = i**3 - 12*i**2 - 2*i + 12. Let w(j) = j**3 + 19*j**2 + 55*j - 8. Let y be w(-4). Determine d(y).
-12
Let d(n) = 9*n - 1. Let h be d(0). Let v(s) = -17*s**3 - s**2 - 2*s - 1. Determine v(h).
17
Let q(f) = 3*f**3 - 5*f**2 - 20*f**3 + 20*f**3 - 3*f - 2*f**3 - 9*f. What is q(7)?
14
Let c = 33 + -30. Suppose 0 = -2*l + c + 5. Let k(h) = -2*h - 4. Give k(l).
-12
Let i(a) = 2*a**2 + 3*a. Let c(z) = -z + 2. Let t be 19 - 12/16*4. Suppose 4*f - 3*g - 16 = 0, -2*f = -6*f + 2*g + t. Let x be c(f). Calculate i(x).
2
Let b(a) = -a**3 - 7*a**2 + 2*a + 9. Suppose 2*d + 1 - 13 = 0. Suppose 3*c + 9 = d*l - 2*l, 0 = -5*c - 5*l - 50. Determine b(c).
-5
Let m(q) = -5 - 4*q**2 + 5 + 5*q**2 - 5*q + 5 + 4. What is m(3)?
3
Let g(k) = -3*k**2 + 2 + k**3 - 8 - 7*k - 3*k**2 - 3 + 8*k**2. Determine g(-4).
-13
Suppose o - 3*w + 11 = 0, 4*o - 4*w = -2*w - 34. Let m(k) = k**3 + 8*k**2 - 4. Let c be m(o). Let p(a) = -2*a - 6. Determine p(c).
2
Let l(j) = -j**3 - 5*j**2 + 3*j - 1. Let r(n) = 3*n**3 + 16*n**2 - 10*n + 3. Let i(b) = -7*l(b) - 2*r(b). What is i(-3)?
4
Let x(m) be the second derivative of 1/3*m**3 + 1/12*m**4 + 0 + 15*m - 5/2*m**2. Calculate x(4).
19
Let l(j) be the third derivative of -5*j**4/8 - j**3/6 + 10*j**2. Calculate l(1).
-16
Let c = 256 + -255. Let t(j) = -36*j**2 + j. Give t(c).
-35
Let a(u) be the first derivative of u**3/3 - 5*u**2/2 + 2*u - 687. Let x be 6/1 - 1 - 1. Give a(x).
-2
Let p(n) = -n - 15. Suppose 3*c + 13 = 34. Suppose -5*u = c + 33. Let x be p(u). Let h(o) = -o - 13. Give h(x).
-6
Let p = 37 - 30. Let i(r) = r**2 - 10*r + 5. What is i(p)?
-16
Let l = 188 + -152. Let q be ((-60)/50)/((l/15)/(-4)). Let p(g) be the second derivative of -g**4/12 + g. Give p(q).
-4
Let z(l) be the third derivative of l**6/120 + l**5/60 + 2*l**3/3 - 3*l**2 + 22. What is z(-3)?
-14
Suppose 5*y - 2*k + 4 + 29 = 0, y + 4*k = 11. Let t(f) = -f - 6 + 1 - 4. Give t(y).
-4
Let n(p) = 6*p**2 + p + 2. Suppose w - 1 = -2*d, -11*d + 4*w = -6*d + 17. Determine n(d).
7
Let k(t) = 3 - 4*t + 3*t + 2 + 3. Suppose 2*n - 60 = -3*n. Let l be k(n). Let u(r) = r**3 + 6*r**2 + 4*r - 2. What is u(l)?
14
Let o(l) be the first derivative of -l**5/120 + 16*l**3 - 45. Let u(c) be the third derivative of o(c). Let x(v) = v**2 + v + 2. Let h be x(0). What is u(h)?
-2
Suppose 9*r + 164 = 119. Let c(h) = h + 15. Determine c(r).
10
Let h(b) = -5*b**2 - 8*b - 9. Let q(o) = -3*o**2 - o + 1. Let g(x) = h(x) - 2*q(x). Let u = 27 - 19. Determine g(u).
5
Let b = 2 - -10. Let c = -10 + b. Suppose 0 = x - 4*p - 1 - 11, -c*p = -2*x + 6. Let y(m) = m**2 + 1. Determine y(x).
1
Let m(w) = w + 2. Let d(i) = -i + 13. Let p be d(10). Suppose -2 = t + 2*f - 0, 0 = -p*f - 12. Give m(t).
8
Let i(x) = -x**2 + 10*x - 20. Let b be (150/10)/((-5)/(-2)). Calculate i(b).
4
Let c(i) = -i + 0*i + 1 + 3. Suppose -5*t + 0 = 30. What is c(t)?
10
Let j(m) = -m + 3. Let w(f) = -3*f + 3. Let c(z) = -2*j(z) + 3*w(z). Give c(-1).
10
Let s(v) = -2*v**3 + 4*v**2 - 2*v - 2. Let d = 157 + -155. Give s(d).
-6
Let o(h) = 3*h**2 - h - 2. Suppose g + g = 6*g. Let f be (g - 1)*0 - (13 - 15). Give o(f).
8
Let q(c) = 4*c**3 + 2. Let a(v) = -v**2 - 9*v - 22. Let b be a(-5). Calculate q(b).
-30
Let o(k) = 2*k + 20. Let s be o(-10). Suppose s = -4*a - 18 - 10. Let x(t) = -t**3 - 7*t**2 + 3*t + 5. What is x(a)?
-16
Let g(h) be the second derivative of -h**5/20 - 7*h**4/12 - h**3/2 - 2*h + 90. Determine g(-6).
-18
Let h(o) be the second derivative of 1/6*o**3 + 19*o - o**2 + 0. What is h(-6)?
-8
Let n(w) = -5*w - 1 + w + w**2 - w. Let i(u) = -u**3 + 8*u**2 - 6*u - 6. Let o be i(6). Suppose 2 = -2*l + 5*j, -5*j = -5*l - 10*j + o. What is n(l)?
-5
Let f(q) be the second derivative of 2 - 15/2*q**2 - 1/12*q**4 - 2*q**3 + 8*q. Calculate f(-12).
-15
Let d(g) = 9*g**2 + 5*g - 24. Let s(b) = -17*b**2 - 8*b + 45. Let n(v) = -11*d(v) - 6*s(v). Give n(-4).
70
Let h(x) = -2*x**2 - 7*x + 1. Let y(f) = f**2 + 6*f - 1. Let l(z) = -3*h(z) - 4*y(z). Suppose -5*c = -0*a + 3*a - 27, a - 4 = 0. Give l(c).
10
Let p(m) = -1193*m**2 + 1 - 5 + 1196*m**2 + m. What is p(5)?
76
Let f(v) = 8*v + 10. Let x(b) = 3*b + 3. Let j(k) = 4*f(k) - 11*x(k). Let p(s) = -6*s. Let c be p(-1). Suppose 0 = 2*a - c - 4. Calculate j(a).
2
Let j(u) = -u**3 - u**2 - u - 1. Let o be 21/15 - 6/(-10). Let a(m) = -m**2 + 2*m. Let y be a(o). Calculate j(y).
-1
Let r(y) be the third derivative of 0*y + 0 + 1/60*y**5 - 3*y**2 - 1/4*y**4 - 4/3*y**3. Determine r(7).
-1
Let z(y) = y**2 + y. Let m(x) = 2*x**2 + 13*x + 2. Let o be m(-6). Give z(o).
12
Let l(x) = -8*x**2 - 7*x + 5. Let r(g) = 9*g**2 + 8*g - 6. Let t(b) = -5*l(b) - 4*r(b). Calculate t(3).
44
Let c = -121 + 123. Let w(b) = 29*b - 2*b**c + 1 + 1 - 34*b. Calculate w(-4).
-10
Let y = -159 - -155. Let r(u) = u + u + 3*u + 9 - 4*u. Give r(y).
5
Suppose -15*i = -9*i. Let p(w) = w**3 - w + 6. Determine p(i).
6
Suppose -83*v + 48*v = -245. Let m(g) = 2*g - 9. Determine m(v).
5
Suppose -18 + 86 = -4*j. Suppose -54 - 6 = -3*u. Let b = u + j. Let d(r) = -r - 4. Determine d(b).
-7
Let g(k) = k + 21. Let z be g(-14). Let t(a) = -z*a + a + 7*a - 2. Give t(2).
0
Let b(k) = -k**3 - k**2. Let j(p) = -p**2. Let s(h) = 2*h**3 - 3*h**2 + 8*h + 4. Let i(r) = -4*j(r) - s(r). Let w(d) = -b(d) + i(d). What is w(6)?
20
Let x(c) = c**2 + 6*c + 1. Suppose 5*h - 45*u + 44*u + 19 = 0, 2*u + 2 = 0. Give x(h).
-7
Let l(r) = -r**2 + 11*r + 12. Let m be l(12). Suppose n - 5*n = m.